7999 a prime number?
False
Is 39181 a prime number?
True
Is 253 prime?
False
Is 147503 prime?
True
Is 6103 prime?
False
Is 250459 a prime number?
False
Is 7789 a composite number?
False
Is 112397 composite?
False
Is 171755 prime?
False
Is 689527 a composite number?
True
Is 72949 prime?
True
Is 2203 prime?
True
Is 3383 composite?
True
Is 38099 a prime number?
False
Is 817603 composite?
False
Is 35591 a prime number?
True
Is 16411 composite?
False
Is 636697 a composite number?
False
Is 575241 a composite number?
True
Is 112787 prime?
True
Is 50613 a prime number?
False
Is 158659 a prime number?
False
Is 8861 prime?
True
Is 204629 a prime number?
False
Is 2869 composite?
True
Is 5921 a composite number?
True
Is 191119 a composite number?
False
Is 311 a composite number?
False
Is 13739 prime?
False
Is 151717 prime?
True
Is 10757 composite?
True
Is 7522 composite?
True
Is 587135 prime?
False
Is 3719 prime?
True
Is 40301 prime?
False
Is 116257 a prime number?
True
Is 491767 composite?
True
Is 238829 prime?
True
Is 2423 a prime number?
True
Is 1740751 prime?
False
Is 128813 a prime number?
True
Is 47179 a prime number?
False
Is 12515 a composite number?
True
Is 2153 a composite number?
False
Is 33659 composite?
True
Is 1833197 composite?
True
Is 3687 prime?
False
Is 458789 a composite number?
False
Is 2411 a composite number?
False
Is 270649 a composite number?
True
Is 25559 prime?
False
Is 4907261 composite?
False
Is 96463 a prime number?
False
Is 4562 prime?
False
Is 841481 composite?
True
Is 148747 a prime number?
True
Is 16021 a prime number?
False
Is 204059 a composite number?
False
Is 12373 a composite number?
False
Is 3109 composite?
False
Is 122297 a composite number?
True
Is 39469 composite?
True
Is 61861 prime?
True
Is 46711 a prime number?
False
Is 7666 a composite number?
True
Is 91589 prime?
False
Is 2935 a composite number?
True
Is 57487 a prime number?
True
Is 216211 a composite number?
False
Is 142531 prime?
False
Is 44449 a prime number?
True
Is 150958 a prime number?
False
Is 2209 a composite number?
True
Is 2187889 a composite number?
True
Is 348683 prime?
False
Is 78839 prime?
True
Is 111647 composite?
True
Is 4547 a composite number?
False
Is 299239 prime?
True
Is 1184731 composite?
False
Is 72323 a prime number?
False
Is 99041 prime?
True
Is 107957 a composite number?
True
Is 90353 composite?
False
Is 594637 a composite number?
False
Is 1993 prime?
True
Is 5561 a composite number?
True
Is 490787 composite?
True
Is 6887 composite?
True
Is 23497 a prime number?
True
Is 179071 a prime number?
False
Is 12799 composite?
False
Is 43987 a prime number?
True
Is 325835 prime?
False
Is 92033 prime?
True
Is 373889 composite?
True
Is 361151 a prime number?
False
Is 757969 a prime number?
False
Is 88493 a prime number?
True
Is 10099 a composite number?
False
Is 1067447 a prime number?
False
Is 517901 a prime number?
True
Is 219289 a composite number?
True
Is 33697 a prime number?
False
Is 1305371 composite?
False
Is 89753 prime?
True
Is 120223 composite?
False
Is 68417 a prime number?
False
Is 7848749 composite?
False
Is 37337 a prime number?
True
Is 953 a prime number?
True
Is 64399 a prime number?
True
Is 28321 composite?
True
Is 261961 composite?
True
Is 19661 a composite number?
False
Is 201193 a composite number?
False
Is 46489 composite?
False
Is 2491 composite?
True
Is 358537 prime?
False
Is 312451 a prime number?
True
Is 79967 a prime number?
True
Is 15097 prime?
False
Is 670471 prime?
True
Is 152531 composite?
False
Is 236687 a composite number?
True
Is 160739 composite?
False
Is 15787 prime?
True
Is 3365 prime?
False
Is 40093 composite?
False
Is 874957 a prime number?
True
Is 9731 prime?
False
Is 335 a prime number?
False
Is 2017 composite?
False
Is 480895 prime?
False
Is 4479 prime?
False
Is 1559759 a prime number?
True
Is 73985 a prime number?
False
Is 28321 composite?
True
Is 912797 a prime number?
True
Is 1441915 composite?
True
Is 1404191 a prime number?
True
Is 87085 prime?
False
Is 787 composite?
False
Is 86977 composite?
True
Is 18803 prime?
True
Is 52919 a prime number?
True
Is 78101 a prime number?
True
Is 22177 a composite number?
True
Is 10873 a composite number?
True
Is 3262659 composite?
True
Is 1259357 prime?
False
Is 9613 a composite number?
False
Is 81059 prime?
False
Is 673879 a prime number?
True
Is 1123369 a composite number?
True
Is 263803 a prime number?
True
Is 13985 prime?
False
Is 119998 a prime number?
False
Is 1361 a composite number?
False
Is 9337 composite?
False
Is 88631 composite?
True
Is 102997 a composite number?
True
Is 161311 a composite number?
True
Is 252683 prime?
False
Is 1675963 a prime number?
True
Is 169751 a composite number?
False
Is 28933 a composite number?
False
Is 3161 a prime number?
False
Is 34841 a prime number?
True
Is 411211 prime?
True
Is 35779 prime?
False
Is 419 a prime number?
True
Is 33101 a prime number?
False
Is 2958911 prime?
True
Is 308423 prime?
True
Is 42061 composite?
False
Is 1138057 composite?
False
Is 574835 composite?
True
Is 1613839 composite?
True
Is 2609 a composite number?
False
Is 2103 a composite number?
True
Is 21347 prime?
True
Is 59054 composite?
True
Is 6371 a prime number?
False
Is 2973 a prime number?
False
Is 57697 composite?
False
Is 15601 a composite number?
False
Is 23149 composite?
True
Is 26186 a prime number?
False
Is 13397 prime?
True
Is 162757 a composite number?
True
Is 8039 prime?
True
Is 2273399 a prime number?
True
Is 261167 composite?
False
Is 51257 a prime number?
True
Is 638767 prime?
True
Is 344139 a composite number?
True
Is 53626 composite?
True
Is 931061 prime?
False
Is 206 composite?
True
Is 102667 prime?
True
Is 111835 a composite number?
True
Is 103901 prime?
False
Is 13649 composite?
False
Is 619979 composite?
False
Is 5731 a composite number?
True
Is 2205505 prime?
False
Is 504727 a prime number?
True
Is 879 composite?
True
Is 3865 composite?
True
Is 111713 a prime number?
False
Is 6274 composite?
True
Is 125702 composite?
True
Is 26293 a prime number?
True
Is 2600669 composite?
True
Is 78467 a composite number?
False
Is 364087 a prime number?
False
Is 41333 a prime number?
True
Is 5963 composite?
True
Is 489257 composite?
False
Is 12667 a composite number?
True
Is 444401 a prime number?
True
Is 1200619 a composite number?
True
Is 36317 a prime number?
False
Is 1356755 composite?
True
Is 25613 a prime number?
False
Is 28537 prime?
True
Is 1428907 prime?
False
Is 48707 composite?
True
Is 1605041 prime?
True
Is 7769 composite?
True
Is 10847 a prime number?
True
Is 7991 composite?
True
Is 1469927 composite?
True
Is 499933 a composite number?
True
Is 56369 prime?
True
Is 1004786 prime?
False
Is 24499 composite?
False
Is 5981 a composite number?
False
Is 207227 composite?
False
Is 605137 a composite number?
True
Is 945935 composite?
True
Is 36683 a composite number?
False
Is 28073 a prime number?
False
Is 23053 prime?
True
Is 713771 prime?
True
Is 1399 a composite number?
False
Is 8363 composite?
False
Is 523 a composite number?
False
Is 7819 prime?
False
Is 1407511 composite?
True
Is 1902517 composite?
False
Is 322402 a prime number?
False
Is 1326683 a composite number?
False
Is 3389 a composite number?
False
Is 365529 a composite number?
True
Is 251 prime?
True
Is 899 composite?
True
Is 9489 composite?
True
Is 1909 a composite number?
True
Is 146117 composite?
False
Is 929 composite?
False
Is 58471 a prime number?
False
Is 126851 a composite number?
False
Is 33547 composite?
False
Is 34351 a composite number?
False
Is 756961 composite?
False
Is 301099 a prime number?
False
Is 943729 a prime number?
True
Is 2777 a composite number?
False
Is 1710103 prime?
False
Is 128311 composite?
False
Is 67723 a composite number?
False
Is 456809 a prime number?
True
Is 721117 a prime number?
True
Is 31951 a composite number?
True
Is 10397 composite?
True
Is 606299 composite?
False
Is 242387 a prime number?
False
Is 130063 prime?
False
Is 2369 a prime number?
False
Is 943 composite?
True
Is 650611 prime?
False
Is 9853 prime?
False
Is 133769 a composite number?
False
Is 28429 a prime number?
True
Is 94201 prime?
True
Is 234777 prime?
False
Is 11743 a composite number?
False
Is 869811 prime?
False
Is 1277011 a prime number?
True
Is 47839 prime